{"id":30,"date":"2020-05-27T05:54:29","date_gmt":"2020-05-27T05:54:29","guid":{"rendered":"http:\/\/new.kijow.pan.pl\/?page_id=30"},"modified":"2020-05-27T06:22:28","modified_gmt":"2020-05-27T06:22:28","slug":"polska-akademia-nauk","status":"publish","type":"page","link":"https:\/\/kijow.pan.pl\/?page_id=30","title":{"rendered":"Polska Akademia Nauk"},"content":{"rendered":"\n<p>Misj\u0105 Polskiej Akademii Nauk jest wszechstronna dzia\u0142alno\u015b\u0107 na rzecz rozwoju nauki oraz ustanawiania najwy\u017cszych standard\u00f3w jako\u015bci bada\u0144 i norm etycznych, s\u0142u\u017c\u0105ca spo\u0142ecze\u0144stwu i wzbogacaniu kultury narodowej. Akademia m.in. prowadzi w swoich jednostkach naukowych zaawansowane badania o strategicznym znaczeniu dla rozwoju nauki, spo\u0142ecze\u0144stwa i gospodarki oraz przygotowuje opinie w najistotniejszych sprawach s\u0142u\u017c\u0105cych rozwojowi kraju. Jednym z priorytet\u00f3w Akademii jest wspieranie r\u00f3\u017cnorodnych form mi\u0119dzynarodowej wsp\u00f3\u0142pracy naukowej, kszta\u0142cenie kadr naukowych zw\u0142aszcza poprzez prowadzenie studi\u00f3w doktoranckich oraz organizowanie sta\u017cy podoktorskich. Istotn\u0105 kwesti\u0105 zwi\u0105zan\u0105 z dzia\u0142alno\u015bci\u0105 Akademii jest upowszechnianie nauki. Chcemy zach\u0119ci\u0107 do dzia\u0142ania, inspirowa\u0107 i motywowa\u0107 poprzez nasz\u0105 aktywno\u015b\u0107 na festiwalach nauki, wystawach, spotkaniach z naukowcami organizowanymi w kraju i za granic\u0105.&nbsp;<\/p>\n\n\n\n<p><strong>PODSTAWOWE INFORMACJE O PAN<\/strong><\/p>\n\n\n\n<ul><li>Polska Akademia Nauk jest pa\u0144stwow\u0105 instytucj\u0105 naukow\u0105.<\/li><li>Akademia powsta\u0142a w 1952 roku.<\/li><li>Akademia s\u0142u\u017cy rozwojowi, promocji, integracji i upowszechnianiu nauki oraz przyczynia si\u0119 do rozwoju edukacji i wzbogacania kultury narodowej.<\/li><li>Nadz\u00f3r nad PAN sprawuje Prezes Rady Ministr\u00f3w.<\/li><li>Cz\u0142onkowie Akademii s\u0105 wybierani przez Zgromadzenie Og\u00f3lne Akademii spo\u015br\u00f3d uczonych, kt\u00f3rzy wyr\u00f3\u017cniaj\u0105 si\u0119 szczeg\u00f3lnym dorobkiem naukowym i autorytetem w \u015brodowisku naukowym oraz posiadaj\u0105 nieposzlakowan\u0105 opini\u0119.<\/li><li>W sk\u0142ad Polskiej Akademii Nauk wchodz\u0105 cz\u0142onkowie krajowi (rzeczywi\u015bci i korespondenci) oraz cz\u0142onkowie zagraniczni. To uczeni wyr\u00f3\u017cniaj\u0105cy si\u0119 szczeg\u00f3lnym dorobkiem i autorytetem oraz posiadaj\u0105cy nieposzlakowan\u0105 opini\u0119.<\/li><li>Korporacja uczonych liczy obecnie 348 cz\u0142onk\u00f3w krajowych i 181 zagranicznych (stycze\u0144 2020) &#8211;&nbsp;<a href=\"http:\/\/czlonkowie.pan.pl\/\">cz\u0142onkowie PAN<\/a><\/li><li>W ramach Akademii funkcjonuje pi\u0119\u0107 wydzia\u0142\u00f3w<ul><li>Wydzia\u0142 I &#8211; Nauk Humanistycznych i Spo\u0142ecznych<\/li><li>Wydzia\u0142 II &#8211; Nauk Biologicznych i Rolniczych<\/li><li>Wydzia\u0142 III &#8211; Nauk \u015acis\u0142ych i Nauk o Ziemi<\/li><li>Wydzia\u0142 IV &#8211; Nauk Technicznych<\/li><li>Wydzia\u0142 V &#8211; Nauk Medycznych<\/li><\/ul><\/li><li>Najwy\u017cszym organem Akademii jest Zgromadzenie Og\u00f3lne Akademii.<\/li><li>Podstawowymi aktami prawnymi s\u0105:<ul><li>Ustawa z dnia 30 kwietnia 2010 o Polskiej Akademii Nauk (<a href=\"http:\/\/prawo.sejm.gov.pl\/isap.nsf\/download.xsp\/WDU20180001475\/U\/D20181475Lj.pdf\">link<\/a>)<\/li><li>Statut Polskiej Akademii Nauk (<a href=\"https:\/\/instytucja.pan.pl\/images\/2017\/uchwa%C5%82y\/Zgromadzenie_Ogolne\/U-4.pdf\">link<\/a>)<\/li><\/ul><\/li><\/ul>\n\n\n\n<p><strong>ZADANIA AKADEMII<\/strong><\/p>\n\n\n\n<ul><li>Prowadzenie w&nbsp;jednostkach naukowych zaawansowanych bada\u0144 o&nbsp;strategicznym znaczeniu dla rozwoju nauki i&nbsp;gospodarki.<\/li><li>Innowacyjne wykorzystanie wynik\u00f3w bada\u0144 naukowych, r\u00f3wnie\u017c we&nbsp;wsp\u00f3\u0142pracy z&nbsp;instytucjami gospodarczymi.<\/li><li>Organizowanie du\u017cych, cz\u0119sto interdyscyplinarnych zespo\u0142\u00f3w badawczych zwi\u0105zanych z&nbsp;koncentracj\u0105 nowoczesnej aparatury.<\/li><li>Integrowanie krajowego \u015brodowiska naukowego w&nbsp;\u015bcis\u0142ej wsp\u00f3\u0142pracy z&nbsp;uczelniami i&nbsp;instytutami badawczymi.<\/li><li>Kszta\u0142cenie na&nbsp;studiach doktoranckich i&nbsp;podyplomowych oraz wspieranie os\u00f3b rozpoczynaj\u0105cych karier\u0119 naukow\u0105.<\/li><li>Formu\u0142owanie opinii i&nbsp;opracowa\u0144 eksperckich w&nbsp;najistotniejszych sprawach dotycz\u0105cych nauki i&nbsp;polityki.<\/li><li>Wspieranie r\u00f3\u017cnorodnych form mi\u0119dzynarodowej wsp\u00f3\u0142pracy naukowej.<\/li><li>Upowszechnianie nauki.<\/li><\/ul>\n\n\n\n<p><strong>STRUKTURA POLSKIEJ AKADEMII NAUK<\/strong><\/p>\n\n\n\n<p><strong>W\u0141ADZE PAN<\/strong><br>Organami Akademii s\u0105: Zgromadzenie Og\u00f3lne Akademii, Prezydium Akademii, Prezes Akademii, Kanclerz. Najwy\u017cszym organem jest Zgromadzenie Og\u00f3lne, w kt\u00f3rym g\u0142os stanowi\u0105cy maj\u0105 cz\u0142onkowie krajowi PAN. Zgromadzenie okre\u015bla kierunki dzia\u0142ania Akademii i sprawuje nadz\u00f3r nad ca\u0142okszta\u0142tem jej dzia\u0142alno\u015bci. Ponadto mo\u017ce wypowiada\u0107 si\u0119 w sprawach istotnych dla Narodu i Pa\u0144stwa. Zgromadzeniu przewodniczy Prezes PAN.<\/p>\n\n\n\n<p><strong>WYDZIA\u0141Y<\/strong><\/p>\n\n\n\n<p>Pi\u0119\u0107 wydzia\u0142\u00f3w Akademii skupia uczonych reprezentuj\u0105cych r\u00f3\u017cne dziedziny nauki \u2013 przede wszystkim cz\u0142onk\u00f3w krajowych i zagranicznych PAN. Jednym z wa\u017cniejszych zada\u0144 Wydzia\u0142\u00f3w PAN jest koordynacja dzia\u0142a\u0144 komitet\u00f3w naukowych, problemowych i narodowych, tworzonych przy Wydzia\u0142ach, kt\u00f3re s\u0105 cia\u0142ami opiniotw\u00f3rczymi stanowi\u0105cymi najbardziej reprezentatywne grono specjalist\u00f3w w danej dyscyplinie naukowej.<\/p>\n\n\n\n<p>Wydzia\u0142 I &#8211; Nauk Humanistycznych i Spo\u0142ecznych<\/p>\n\n\n\n<p>Wydzia\u0142 II &#8211; Nauk Biologicznych i Rolniczych<\/p>\n\n\n\n<p>Wydzia\u0142 III &#8211; Nauk \u015acis\u0142ych i Nauk o Ziemi<\/p>\n\n\n\n<p>Wydzia\u0142 IV &#8211; Nauk Technicznych<\/p>\n\n\n\n<p>Wydzia\u0142 V &#8211; Nauk Medycznych<\/p>\n\n\n\n<p><strong>ODDZIA\u0141Y<\/strong><\/p>\n\n\n\n<p>Oddzia\u0142y Akademii funkcjonuj\u0105 w Gda\u0144sku, Katowicach, Krakowie, Lublinie, \u0141odzi, Olsztynie i Bia\u0142ymstoku z siedzib\u0105 w Olsztynie, Poznaniu i we Wroc\u0142awiu. Oddzia\u0142y realizuj\u0105 zadania Akademii w regionie oraz pe\u0142ni\u0105 funkcje integracyjne dzia\u0142alno\u015bci naukowej regionu, w szczeg\u00f3lno\u015bci w zakresie wspierania lub prowadzenia prac naukowych o istotnym znaczeniu dla gospodarki i kultury narodowej, a tak\u017ce inicjowania i prowadzenia mi\u0119dzynarodowej wsp\u00f3\u0142pracy naukowej z regionami pa\u0144stw cz\u0142onkowskich Unii Europejskiej oraz z innymi krajami s\u0105siaduj\u0105cymi z Polsk\u0105.<\/p>\n\n\n\n<p><strong>KOMITETY<\/strong><\/p>\n\n\n\n<p>Komitety Polskiej Akademii Nauk s\u0105 krajow\u0105 reprezentacj\u0105 r\u00f3\u017cnych \u015brodowisk i dyscyplin naukowych. Ich cz\u0142onkowie wybierani s\u0105 przez \u015brodowiska naukowe poszczeg\u00f3lnych dziedzin \u2013 fizyk\u00f3w, biochemik\u00f3w, socjolog\u00f3w itd. Poza cz\u0142onkami PAN zasiadaj\u0105 w nich naukowcy z niezwi\u0105zanych z Akademi\u0105 innych instytut\u00f3w badawczych oraz szk\u00f3\u0142 wy\u017cszych, a tak\u017ce przedstawiciele instytucji i organizacji gospodarczych i spo\u0142ecznych. S\u0142u\u017c\u0105 oni jako doradcy w sprawach dotycz\u0105cych technologii, in\u017cynierii, biologii, medycyny, nauk o Ziemi, nauk spo\u0142ecznych, humanistycznych, rolniczych i \u015bcis\u0142ych.<\/p>\n\n\n\n<p><strong>JEDNOSTKI NAUKOWE<\/strong><\/p>\n\n\n\n<p>Podstawow\u0105 jednostk\u0105 naukow\u0105 Akademii jest instytut \u2013 w chwili obecnej dzia\u0142a ich 68. Wi\u0119kszo\u015b\u0107 oceniana jest jako wiod\u0105ca w dzia\u0142alno\u015bci naukowej lub badawczo-rozwojowej, czego dowodem jest wysoka ocena nadana przez Komitet Ewaluacji Jednostek Naukowych Ministerstwa Nauki i Szkolnictwa Wy\u017cszego. Kategori\u0119 A+, przyznawan\u0105 elicie polskiej nauki, ma czterna\u015bcie instytut\u00f3w PAN.<\/p>\n\n\n\n<p>Instytuty PAN wsp\u00f3\u0142tworz\u0105 tak\u017ce konsorcja i centra powo\u0142ane do realizacji konkretnych projekt\u00f3w badawczych.<\/p>\n\n\n\n<p>Rejestr instytut\u00f3w naukowych PAN (link)<\/p>\n\n\n\n<p><strong>AKADEMIA M\u0141ODYCH UCZONYCH<\/strong><\/p>\n\n\n\n<p>Akademia M\u0142odych Uczonych zosta\u0142a powo\u0142ana Ustaw\u0105 z dnia 30 kwietnia 2010 r. o Polskiej Akademii Nauk w celu promowania bada\u0144 naukowych i prac rozwojowych prowadzonych przez wybitnych m\u0142odych przedstawicieli nauki polskiej.<\/p>\n\n\n\n<p>Cz\u0142onkowie Akademii M\u0142odych Uczonych wybierani s\u0105 przez Zgromadzenie Og\u00f3lne PAN. W chwili wyboru nie mog\u0105 mie\u0107 wi\u0119cej ni\u017c 38 lat i musz\u0105 posiada\u0107 co najmniej stopie\u0144 naukowy doktora.<\/p>\n\n\n\n<p><strong>STUDIA DOKTORANCKIE W PAN<\/strong><\/p>\n\n\n\n<p>Studia doktoranckie s\u0105 prowadzone przez 44 instytuty naukowe PAN, w tym 39 instytut\u00f3w prowadzi stacjonarne studia doktoranckie.&nbsp;<\/p>\n\n\n\n<p><strong>KOMISJA DS. ETYKI W NAUCE<\/strong><\/p>\n\n\n\n<p>Przy Polskiej Akademii Nauk dzia\u0142a komisja do spraw etyki w nauce, kt\u00f3ra jest wybierana spo\u015br\u00f3d kandydat\u00f3w zg\u0142oszonych przez ca\u0142e \u015brodowisko naukowe i akademickie.<\/p>\n\n\n\n<p>Opracowany przez ni\u0105 \u201eKodeks Etyki Pracownika Naukowego\u201d wskazuje zalecenia dotycz\u0105ce post\u0119powania z danymi naukowymi, procedurami badawczymi, praktykami wydawniczymi, recenzowaniem i opiniowaniem prac.<\/p>\n\n\n\n<p><strong>WSP\u00d3\u0141PRACA MI\u0118DZYNARODOWA<\/strong><\/p>\n\n\n\n<p>Polska Akademia Nauk wsp\u00f3\u0142pracuje zar\u00f3wno z indywidualnymi akademiami nauk, jak i z mi\u0119dzynarodowymi organizacjami badawczymi. W dziedzinie wsp\u00f3\u0142pracy mi\u0119dzynarodowej mo\u017cemy poszczyci\u0107 si\u0119 uczestnictwem w ponad 60 organizacjach mi\u0119dzynarodowych, jak r\u00f3wnie\u017c wsp\u00f3\u0142prac\u0105 z ponad 70 instytucjami partnerskimi z Europy, Azji, Ameryki P\u00f3\u0142nocnej i Afryki.<\/p>\n\n\n\n<p><strong>POLSKI INSTYTUT STUDI\u00d3W ZAAWANSOWANYCH (PIASt)<\/strong><\/p>\n\n\n\n<p>Polski Instytut Studi\u00f3w Zaawansowanych (PIASt) za cel stawia sobie wspieranie rozwoju wiedzy i innowacji oraz promocj\u0119 post\u0119pu naukowego w Polsce. W szczeg\u00f3lno\u015bci koncentruje si\u0119 na realizacji r\u00f3\u017cnorodnych projekt\u00f3w z zakresu nauk humanistycznych i spo\u0142ecznych, pozostaj\u0105c jednocze\u015bnie otwartym na realizacj\u0119 projekt\u00f3w przekrojowych w uj\u0119ciu interdyscyplinarnym. Umo\u017cliwia wymian\u0119 naukow\u0105 i intelektualn\u0105 oraz stwarza warunki do powstania mi\u0119dzynarodowej i interdyscyplinarnej wsp\u00f3lnoty badaczy, kt\u00f3rzy przyje\u017cd\u017caj\u0105c do Polski mog\u0105 kontynuowa\u0107 w\u0142asne projekty oraz dyskutowa\u0107 i wymienia\u0107 pogl\u0105dy z innymi ekspertami w swojej dziedzinie.<\/p>\n\n\n\n<p>Wi\u0119cej informacji dost\u0119pnych na stronie&nbsp;<a href=\"https:\/\/instytucja.pan.pl\/index.php\/instytucja\">PAN<\/a>.<\/p>\n","protected":false},"excerpt":{"rendered":"<p>Misj\u0105 Polskiej Akademii Nauk jest wszechstronna dzia\u0142alno\u015b\u0107 na rzecz rozwoju nauki oraz ustanawiania najwy\u017cszych standard\u00f3w jako\u015bci bada\u0144 i norm etycznych, s\u0142u\u017c\u0105ca spo\u0142ecze\u0144stwu i wzbogacaniu kultury narodowej. Akademia m.in. prowadzi w &#8230;<\/p>\n","protected":false},"author":2,"featured_media":0,"parent":0,"menu_order":0,"comment_status":"closed","ping_status":"closed","template":"","meta":[],"_links":{"self":[{"href":"https:\/\/kijow.pan.pl\/index.php?rest_route=\/wp\/v2\/pages\/30"}],"collection":[{"href":"https:\/\/kijow.pan.pl\/index.php?rest_route=\/wp\/v2\/pages"}],"about":[{"href":"https:\/\/kijow.pan.pl\/index.php?rest_route=\/wp\/v2\/types\/page"}],"author":[{"embeddable":true,"href":"https:\/\/kijow.pan.pl\/index.php?rest_route=\/wp\/v2\/users\/2"}],"replies":[{"embeddable":true,"href":"https:\/\/kijow.pan.pl\/index.php?rest_route=%2Fwp%2Fv2%2Fcomments&post=30"}],"version-history":[{"count":2,"href":"https:\/\/kijow.pan.pl\/index.php?rest_route=\/wp\/v2\/pages\/30\/revisions"}],"predecessor-version":[{"id":115,"href":"https:\/\/kijow.pan.pl\/index.php?rest_route=\/wp\/v2\/pages\/30\/revisions\/115"}],"wp:attachment":[{"href":"https:\/\/kijow.pan.pl\/index.php?rest_route=%2Fwp%2Fv2%2Fmedia&parent=30"}],"curies":[{"name":"wp","href":"https:\/\/api.w.org\/{rel}","templated":true}]}}