{"id":36,"date":"2020-05-27T05:54:30","date_gmt":"2020-05-27T05:54:30","guid":{"rendered":"http:\/\/new.kijow.pan.pl\/?page_id=36"},"modified":"2023-12-15T07:29:27","modified_gmt":"2023-12-15T07:29:27","slug":"nasz-zespol","status":"publish","type":"page","link":"https:\/\/kijow.pan.pl\/?page_id=36","title":{"rendered":"Nasz zesp\u00f3\u0142"},"content":{"rendered":"\n<p><strong>Mateusz Bia\u0142as, dyrektor Przedstawicielstwa PAN w Kijowie<\/strong><\/p>\n\n\n\n<p>Absolwent Ukrai\u0144skiego Katolickiego Uniwersytetu (2017), Uniwersytetu \u015arodkowoeuropejskiego (2013, Central European University), Uniwersytetu Jagiello\u0144skiego (2012, 2010) oraz Akademii G\u00f3rniczo-Hutniczej w Krakowie (2010). W ramach stypendium Erasmus studiowa\u0142 na Uniwersytecie Birmingham. W czasie studi\u00f3w uczestniczy\u0142 w wielu szkoleniach i szko\u0142ach letnich m.in. w Polsce, na S\u0142owacji, W\u0119grzech oraz na Ukrainie.<\/p>\n\n\n\n<p>W ramach oficjalnego sta\u017cu Komisji Europejskiej (Blue Book Traineeship) do\u0142\u0105czy\u0142 do zespo\u0142u w gabinecie Komisarza ds. Planowania Finansowego i Bud\u017cetu (2013 \u2013 2014). Nast\u0119pnie wyjecha\u0142 do Kijowa gdzie pracowa\u0142 w Przedstawicielstwie Unii Europejskiej (2014 \u2013 2016) oraz Wydziale Promocji Handlu i Inwestycji Ambasady RP (2016 \u2013 2018). W 2018, po przej\u015bciu procedury konkursowej, rozpocz\u0105\u0142 aplikacj\u0119 dyplomatyczno-konsularn\u0105 w Ministerstwie Spraw Zagranicznych RP, gdzie pracowa\u0142 do 2020 roku. Od kwietnia 2020 zatrudniony na stanowisku specjalisty w Przedstawicielstwie PAN w Kijowie. Od listopada 2020 do listopada 2022 pe\u0142ni\u0142 funkcj\u0119 p.o. dyrektora Przedstawicielstwa, od grudnia 2022 dyrektor Przedstawicielstwa PAN w Kijowie.<\/p>\n\n\n\n<p>e-mail: mateusz.bialas@pan.pl<\/p>\n\n\n\n<p><\/p>\n\n\n\n<div class=\"wp-block-file\"><a href=\"http:\/\/kijow.pan.pl\/wp-content\/uploads\/2021\/04\/Mateusz-Bialas-bio-ENG.pdf\">Mateusz-Bialas-bio-ENG<\/a><a href=\"http:\/\/kijow.pan.pl\/wp-content\/uploads\/2021\/04\/Mateusz-Bialas-bio-ENG.pdf\" class=\"wp-block-file__button\" download>Pobierz<\/a><\/div>\n","protected":false},"excerpt":{"rendered":"<p>Mateusz Bia\u0142as, dyrektor Przedstawicielstwa PAN w Kijowie Absolwent Ukrai\u0144skiego Katolickiego Uniwersytetu (2017), Uniwersytetu \u015arodkowoeuropejskiego (2013, Central European University), Uniwersytetu Jagiello\u0144skiego (2012, 2010) oraz Akademii G\u00f3rniczo-Hutniczej w Krakowie (2010). W ramach &#8230;<\/p>\n","protected":false},"author":1,"featured_media":0,"parent":0,"menu_order":0,"comment_status":"closed","ping_status":"closed","template":"","meta":[],"_links":{"self":[{"href":"https:\/\/kijow.pan.pl\/index.php?rest_route=\/wp\/v2\/pages\/36"}],"collection":[{"href":"https:\/\/kijow.pan.pl\/index.php?rest_route=\/wp\/v2\/pages"}],"about":[{"href":"https:\/\/kijow.pan.pl\/index.php?rest_route=\/wp\/v2\/types\/page"}],"author":[{"embeddable":true,"href":"https:\/\/kijow.pan.pl\/index.php?rest_route=\/wp\/v2\/users\/1"}],"replies":[{"embeddable":true,"href":"https:\/\/kijow.pan.pl\/index.php?rest_route=%2Fwp%2Fv2%2Fcomments&post=36"}],"version-history":[{"count":12,"href":"https:\/\/kijow.pan.pl\/index.php?rest_route=\/wp\/v2\/pages\/36\/revisions"}],"predecessor-version":[{"id":1324,"href":"https:\/\/kijow.pan.pl\/index.php?rest_route=\/wp\/v2\/pages\/36\/revisions\/1324"}],"wp:attachment":[{"href":"https:\/\/kijow.pan.pl\/index.php?rest_route=%2Fwp%2Fv2%2Fmedia&parent=36"}],"curies":[{"name":"wp","href":"https:\/\/api.w.org\/{rel}","templated":true}]}}