{"id":502,"date":"2021-02-10T18:04:51","date_gmt":"2021-02-10T18:04:51","guid":{"rendered":"http:\/\/kijow.pan.pl\/?page_id=502"},"modified":"2022-02-14T08:30:53","modified_gmt":"2022-02-14T08:30:53","slug":"stypendia-i-granty","status":"publish","type":"page","link":"https:\/\/kijow.pan.pl\/?page_id=502","title":{"rendered":"Stypendia i granty"},"content":{"rendered":"\n<figure class=\"wp-block-embed is-type-wp-embed is-provider-przedstawicielstwo-pan-w-kijowie wp-block-embed-przedstawicielstwo-pan-w-kijowie\"><div class=\"wp-block-embed__wrapper\">\n<blockquote class=\"wp-embedded-content\" data-secret=\"qH4zTTSjHx\"><a href=\"https:\/\/kijow.pan.pl\/?p=1117\">Program Ulam NAWA &#8211; Program im. Stanis\u0142awa Ulama &#8211; 2022<\/a><\/blockquote><iframe class=\"wp-embedded-content\" sandbox=\"allow-scripts\" security=\"restricted\" style=\"position: absolute; clip: rect(1px, 1px, 1px, 1px);\" title=\"&#8222;Program Ulam NAWA &#8211; Program im. Stanis\u0142awa Ulama &#8211; 2022&#8221; &#8212; Przedstawicielstwo PAN w Kijowie\" src=\"https:\/\/kijow.pan.pl\/?p=1117&#038;embed=true#?secret=qH4zTTSjHx\" data-secret=\"qH4zTTSjHx\" width=\"600\" height=\"338\" frameborder=\"0\" marginwidth=\"0\" marginheight=\"0\" scrolling=\"no\"><\/iframe>\n<\/div><\/figure>\n\n\n\n<figure class=\"wp-block-embed is-type-wp-embed is-provider-przedstawicielstwo-pan-w-kijowie wp-block-embed-przedstawicielstwo-pan-w-kijowie\"><div class=\"wp-block-embed__wrapper\">\n<blockquote class=\"wp-embedded-content\" data-secret=\"J65mPL6hP2\"><a href=\"https:\/\/kijow.pan.pl\/?p=1074\">Program Stypendialny Rz\u0105du RP dla M\u0142odych Naukowc\u00f3w &#8211; 2022\/2023<\/a><\/blockquote><iframe class=\"wp-embedded-content\" sandbox=\"allow-scripts\" security=\"restricted\" style=\"position: absolute; clip: rect(1px, 1px, 1px, 1px);\" title=\"&#8222;Program Stypendialny Rz\u0105du RP dla M\u0142odych Naukowc\u00f3w &#8211; 2022\/2023&#8221; &#8212; Przedstawicielstwo PAN w Kijowie\" src=\"https:\/\/kijow.pan.pl\/?p=1074&#038;embed=true#?secret=J65mPL6hP2\" data-secret=\"J65mPL6hP2\" width=\"600\" height=\"338\" frameborder=\"0\" marginwidth=\"0\" marginheight=\"0\" scrolling=\"no\"><\/iframe>\n<\/div><\/figure>\n\n\n\n<figure class=\"wp-block-embed is-type-wp-embed is-provider-przedstawicielstwo-pan-w-kijowie wp-block-embed-przedstawicielstwo-pan-w-kijowie\"><div class=\"wp-block-embed__wrapper\">\n<blockquote class=\"wp-embedded-content\" data-secret=\"oSRDGZUMxX\"><a href=\"https:\/\/kijow.pan.pl\/?p=1046\">Study Tours to Poland &#8211; dla student\u00f3w<\/a><\/blockquote><iframe class=\"wp-embedded-content\" sandbox=\"allow-scripts\" security=\"restricted\" style=\"position: absolute; clip: rect(1px, 1px, 1px, 1px);\" title=\"&#8222;Study Tours to Poland &#8211; dla student\u00f3w&#8221; &#8212; Przedstawicielstwo PAN w Kijowie\" src=\"https:\/\/kijow.pan.pl\/?p=1046&#038;embed=true#?secret=oSRDGZUMxX\" data-secret=\"oSRDGZUMxX\" width=\"600\" height=\"338\" frameborder=\"0\" marginwidth=\"0\" marginheight=\"0\" scrolling=\"no\"><\/iframe>\n<\/div><\/figure>\n\n\n\n<figure class=\"wp-block-embed is-type-wp-embed is-provider-przedstawicielstwo-pan-w-kijowie wp-block-embed-przedstawicielstwo-pan-w-kijowie\"><div class=\"wp-block-embed__wrapper\">\n<blockquote class=\"wp-embedded-content\" data-secret=\"pwwehAces0\"><a href=\"https:\/\/kijow.pan.pl\/?p=1015\">Program stypendialny im. Lane\u2019a Kirklanda 2022\/2023<\/a><\/blockquote><iframe class=\"wp-embedded-content\" sandbox=\"allow-scripts\" security=\"restricted\" style=\"position: absolute; clip: rect(1px, 1px, 1px, 1px);\" title=\"&#8222;Program stypendialny im. Lane\u2019a Kirklanda 2022\/2023&#8221; &#8212; Przedstawicielstwo PAN w Kijowie\" src=\"https:\/\/kijow.pan.pl\/?p=1015&#038;embed=true#?secret=pwwehAces0\" data-secret=\"pwwehAces0\" width=\"600\" height=\"338\" frameborder=\"0\" marginwidth=\"0\" marginheight=\"0\" scrolling=\"no\"><\/iframe>\n<\/div><\/figure>\n","protected":false},"excerpt":{"rendered":"","protected":false},"author":2,"featured_media":0,"parent":0,"menu_order":0,"comment_status":"closed","ping_status":"closed","template":"","meta":[],"_links":{"self":[{"href":"https:\/\/kijow.pan.pl\/index.php?rest_route=\/wp\/v2\/pages\/502"}],"collection":[{"href":"https:\/\/kijow.pan.pl\/index.php?rest_route=\/wp\/v2\/pages"}],"about":[{"href":"https:\/\/kijow.pan.pl\/index.php?rest_route=\/wp\/v2\/types\/page"}],"author":[{"embeddable":true,"href":"https:\/\/kijow.pan.pl\/index.php?rest_route=\/wp\/v2\/users\/2"}],"replies":[{"embeddable":true,"href":"https:\/\/kijow.pan.pl\/index.php?rest_route=%2Fwp%2Fv2%2Fcomments&post=502"}],"version-history":[{"count":7,"href":"https:\/\/kijow.pan.pl\/index.php?rest_route=\/wp\/v2\/pages\/502\/revisions"}],"predecessor-version":[{"id":1119,"href":"https:\/\/kijow.pan.pl\/index.php?rest_route=\/wp\/v2\/pages\/502\/revisions\/1119"}],"wp:attachment":[{"href":"https:\/\/kijow.pan.pl\/index.php?rest_route=%2Fwp%2Fv2%2Fmedia&parent=502"}],"curies":[{"name":"wp","href":"https:\/\/api.w.org\/{rel}","templated":true}]}}